{"id":2146,"date":"2025-04-28T20:06:24","date_gmt":"2025-04-28T23:06:24","guid":{"rendered":"https:\/\/jramortecedores.com.br\/produtos\/?post_type=product&#038;p=2146"},"modified":"2025-04-28T20:09:10","modified_gmt":"2025-04-28T23:09:10","slug":"par-de-molas-traseiras-remanufaturadas-hyundai-hb20-hatch-2012-a-2019","status":"publish","type":"product","link":"https:\/\/jramortecedores.com.br\/produtos\/produto\/par-de-molas-traseiras-remanufaturadas-hyundai-hb20-hatch-2012-a-2019\/","title":{"rendered":"Par de Molas Traseiras Remanufaturadas \u2013 Hyundai HB20 Hatch (2012 a 2019)"},"content":{"rendered":"<p class=\"\" data-start=\"378\" data-end=\"569\">Este <strong data-start=\"383\" data-end=\"425\">par de molas traseiras remanufaturadas<\/strong> \u00e9 ideal para restaurar a altura e a estabilidade originais do <strong data-start=\"488\" data-end=\"510\">Hyundai HB20 Hatch<\/strong>, com aplica\u00e7\u00e3o para modelos fabricados de <strong data-start=\"553\" data-end=\"568\">2012 a 2019<\/strong>.<\/p>\n<p class=\"\" data-start=\"571\" data-end=\"835\">As molas passam por um processo completo de remanufatura, que inclui an\u00e1lise t\u00e9cnica, retrabalho t\u00e9rmico, testes de resist\u00eancia e aplica\u00e7\u00e3o de pintura anticorrosiva. Tudo para garantir um desempenho seguro, dur\u00e1vel e a manuten\u00e7\u00e3o da <strong data-start=\"804\" data-end=\"834\">altura original de f\u00e1brica<\/strong>.<\/p>\n<p class=\"\" data-start=\"837\" data-end=\"1019\">A venda \u00e9 feita <strong data-start=\"853\" data-end=\"873\">somente em pares<\/strong>, garantindo a correta distribui\u00e7\u00e3o de peso e estabilidade da suspens\u00e3o traseira. Produto com <strong data-start=\"967\" data-end=\"1018\">garantia de 1 ano contra defeitos de fabrica\u00e7\u00e3o<\/strong>.<\/p>\n<ul data-start=\"1021\" data-end=\"1212\">\n<li class=\"\" data-start=\"1021\" data-end=\"1079\">\n<p class=\"\" data-start=\"1023\" data-end=\"1079\">Compat\u00edvel com:<br data-start=\"1038\" data-end=\"1041\" \/>\u25b8 Hyundai HB20 Hatch (2012 a 2019)<\/p>\n<\/li>\n<li class=\"\" data-start=\"1080\" data-end=\"1103\">\n<p class=\"\" data-start=\"1082\" data-end=\"1103\">Aplica\u00e7\u00e3o: Traseira<\/p>\n<\/li>\n<li class=\"\" data-start=\"1104\" data-end=\"1128\">\n<p class=\"\" data-start=\"1106\" data-end=\"1128\">Tipo: Remanufaturada<\/p>\n<\/li>\n<li class=\"\" data-start=\"1129\" data-end=\"1160\">\n<p class=\"\" data-start=\"1131\" data-end=\"1160\">Altura: Original de f\u00e1brica<\/p>\n<\/li>\n<li class=\"\" data-start=\"1161\" data-end=\"1184\">\n<p class=\"\" data-start=\"1163\" data-end=\"1184\">Garantia: <strong data-start=\"1173\" data-end=\"1182\">1 ano<\/strong><\/p>\n<\/li>\n<li class=\"\" data-start=\"1185\" data-end=\"1212\">\n<p class=\"\" data-start=\"1187\" data-end=\"1212\">Unidade de venda: <strong data-start=\"1205\" data-end=\"1212\">Par<\/strong><\/p>\n<\/li>\n<\/ul>\n","protected":false},"excerpt":{"rendered":"<p>Par de molas traseiras remanufaturadas para Hyundai HB20 Hatch de 2012 a 2019. Venda exclusiva em pares com garantia de 1 ano.<\/p>\n","protected":false},"featured_media":2147,"template":"","meta":{"_et_pb_use_builder":"","_et_pb_old_content":"","_et_gb_content_width":""},"product_brand":[],"product_cat":[15,85],"product_tag":[],"class_list":{"0":"post-2146","1":"product","2":"type-product","3":"status-publish","4":"has-post-thumbnail","6":"product_cat-molas","7":"product_cat-remanufaturadas","9":"first","10":"instock","11":"sale","12":"shipping-taxable","13":"purchasable","14":"product-type-simple"},"_links":{"self":[{"href":"https:\/\/jramortecedores.com.br\/produtos\/wp-json\/wp\/v2\/product\/2146","targetHints":{"allow":["GET"]}}],"collection":[{"href":"https:\/\/jramortecedores.com.br\/produtos\/wp-json\/wp\/v2\/product"}],"about":[{"href":"https:\/\/jramortecedores.com.br\/produtos\/wp-json\/wp\/v2\/types\/product"}],"wp:featuredmedia":[{"embeddable":true,"href":"https:\/\/jramortecedores.com.br\/produtos\/wp-json\/wp\/v2\/media\/2147"}],"wp:attachment":[{"href":"https:\/\/jramortecedores.com.br\/produtos\/wp-json\/wp\/v2\/media?parent=2146"}],"wp:term":[{"taxonomy":"product_brand","embeddable":true,"href":"https:\/\/jramortecedores.com.br\/produtos\/wp-json\/wp\/v2\/product_brand?post=2146"},{"taxonomy":"product_cat","embeddable":true,"href":"https:\/\/jramortecedores.com.br\/produtos\/wp-json\/wp\/v2\/product_cat?post=2146"},{"taxonomy":"product_tag","embeddable":true,"href":"https:\/\/jramortecedores.com.br\/produtos\/wp-json\/wp\/v2\/product_tag?post=2146"}],"curies":[{"name":"wp","href":"https:\/\/api.w.org\/{rel}","templated":true}]}}