{"id":2178,"date":"2025-05-26T19:54:25","date_gmt":"2025-05-26T22:54:25","guid":{"rendered":"https:\/\/jramortecedores.com.br\/produtos\/?post_type=product&#038;p=2178"},"modified":"2025-05-26T19:54:25","modified_gmt":"2025-05-26T22:54:25","slug":"par-de-molas-traseiras-remanufaturadas-nissan-sentra-2014-a-2018-e-tiida","status":"publish","type":"product","link":"https:\/\/jramortecedores.com.br\/produtos\/produto\/par-de-molas-traseiras-remanufaturadas-nissan-sentra-2014-a-2018-e-tiida\/","title":{"rendered":"Par de Molas Traseiras Remanufaturadas \u2013 Nissan Sentra (2014 a 2018) e Tiida"},"content":{"rendered":"<p data-start=\"538\" data-end=\"751\">Este <strong data-start=\"543\" data-end=\"585\">par de molas traseiras remanufaturadas<\/strong> foi desenvolvido para restaurar a efici\u00eancia e a estabilidade da suspens\u00e3o traseira dos modelos <strong data-start=\"682\" data-end=\"699\">Nissan Sentra<\/strong> (produzidos de <strong data-start=\"715\" data-end=\"730\">2014 a 2018<\/strong>) e <strong data-start=\"734\" data-end=\"750\">Nissan Tiida<\/strong>.<\/p>\n<p data-start=\"753\" data-end=\"1080\">As molas s\u00e3o remanufaturadas seguindo um processo t\u00e9cnico rigoroso que inclui inspe\u00e7\u00e3o estrutural, ajuste de resist\u00eancia com tratamento t\u00e9rmico, testes de carga e aplica\u00e7\u00e3o de pintura protetiva contra corros\u00e3o. O resultado \u00e9 um produto resistente, dur\u00e1vel e com <strong data-start=\"1015\" data-end=\"1034\">altura original<\/strong>, garantindo conforto e seguran\u00e7a na condu\u00e7\u00e3o.<\/p>\n<p data-start=\"1082\" data-end=\"1179\">A venda \u00e9 realizada <strong data-start=\"1102\" data-end=\"1122\">somente em pares<\/strong>, assegurando o equil\u00edbrio correto da suspens\u00e3o traseira.<\/p>\n<p data-start=\"1181\" data-end=\"1200\">\ud83d\udd27 <strong data-start=\"1184\" data-end=\"1198\">Aplica\u00e7\u00e3o:<\/strong><\/p>\n<ul data-start=\"1201\" data-end=\"1263\">\n<li data-start=\"1201\" data-end=\"1232\">\n<p data-start=\"1203\" data-end=\"1232\">Nissan Sentra (2014 a 2018)<\/p>\n<\/li>\n<li data-start=\"1233\" data-end=\"1263\">\n<p data-start=\"1235\" data-end=\"1263\">Nissan Tiida (todos os anos)<\/p>\n<\/li>\n<\/ul>\n<p data-start=\"1265\" data-end=\"1297\">\ud83d\udccc <strong data-start=\"1268\" data-end=\"1295\">Informa\u00e7\u00f5es adicionais:<\/strong><\/p>\n<ul data-start=\"1298\" data-end=\"1441\">\n<li data-start=\"1298\" data-end=\"1335\">\n<p data-start=\"1300\" data-end=\"1335\">Local de instala\u00e7\u00e3o: <strong data-start=\"1321\" data-end=\"1333\">Traseira<\/strong><\/p>\n<\/li>\n<li data-start=\"1336\" data-end=\"1364\">\n<p data-start=\"1338\" data-end=\"1364\">Tipo: <strong data-start=\"1344\" data-end=\"1362\">Remanufaturada<\/strong><\/p>\n<\/li>\n<li data-start=\"1365\" data-end=\"1389\">\n<p data-start=\"1367\" data-end=\"1389\">Altura: <strong data-start=\"1375\" data-end=\"1387\">Original<\/strong><\/p>\n<\/li>\n<li data-start=\"1390\" data-end=\"1413\">\n<p data-start=\"1392\" data-end=\"1413\">Garantia: <strong data-start=\"1402\" data-end=\"1411\">1 ano<\/strong><\/p>\n<\/li>\n<li data-start=\"1414\" data-end=\"1441\">\n<p data-start=\"1416\" data-end=\"1441\">Unidade de venda: <strong data-start=\"1434\" data-end=\"1441\">Par<\/strong><\/p>\n<\/li>\n<\/ul>\n<h4 data-start=\"1443\" data-end=\"1472\"><\/h4>\n<h4 data-start=\"1473\" data-end=\"1514\">\ud83d\udd16 C\u00f3digo do produto: MNI10<\/h4>\n<p data-start=\"1516\" data-end=\"1560\">\ud83d\udcf2 Atendimento via WhatsApp: (19) 99660-0072<\/p>\n","protected":false},"excerpt":{"rendered":"<p data-start=\"312\" data-end=\"508\">Par de molas traseiras remanufaturadas, compat\u00edveis com <strong data-start=\"368\" data-end=\"399\">Nissan Sentra (2014 a 2018)<\/strong> e <strong data-start=\"402\" data-end=\"434\">Nissan Tiida (todos os anos)<\/strong>. Produto com altura original e garantia de 1 ano. Venda somente em pares.<\/p>\n<h4 data-start=\"510\" data-end=\"537\"><\/h4>\n","protected":false},"featured_media":2179,"template":"","meta":{"_et_pb_use_builder":"","_et_pb_old_content":"","_et_gb_content_width":""},"product_brand":[],"product_cat":[15,85],"product_tag":[],"class_list":{"0":"post-2178","1":"product","2":"type-product","3":"status-publish","4":"has-post-thumbnail","6":"product_cat-molas","7":"product_cat-remanufaturadas","9":"first","10":"instock","11":"sale","12":"shipping-taxable","13":"purchasable","14":"product-type-simple"},"_links":{"self":[{"href":"https:\/\/jramortecedores.com.br\/produtos\/wp-json\/wp\/v2\/product\/2178","targetHints":{"allow":["GET"]}}],"collection":[{"href":"https:\/\/jramortecedores.com.br\/produtos\/wp-json\/wp\/v2\/product"}],"about":[{"href":"https:\/\/jramortecedores.com.br\/produtos\/wp-json\/wp\/v2\/types\/product"}],"wp:featuredmedia":[{"embeddable":true,"href":"https:\/\/jramortecedores.com.br\/produtos\/wp-json\/wp\/v2\/media\/2179"}],"wp:attachment":[{"href":"https:\/\/jramortecedores.com.br\/produtos\/wp-json\/wp\/v2\/media?parent=2178"}],"wp:term":[{"taxonomy":"product_brand","embeddable":true,"href":"https:\/\/jramortecedores.com.br\/produtos\/wp-json\/wp\/v2\/product_brand?post=2178"},{"taxonomy":"product_cat","embeddable":true,"href":"https:\/\/jramortecedores.com.br\/produtos\/wp-json\/wp\/v2\/product_cat?post=2178"},{"taxonomy":"product_tag","embeddable":true,"href":"https:\/\/jramortecedores.com.br\/produtos\/wp-json\/wp\/v2\/product_tag?post=2178"}],"curies":[{"name":"wp","href":"https:\/\/api.w.org\/{rel}","templated":true}]}}