{"id":2183,"date":"2025-05-28T15:42:29","date_gmt":"2025-05-28T18:42:29","guid":{"rendered":"https:\/\/jramortecedores.com.br\/produtos\/?post_type=product&#038;p=2183"},"modified":"2025-05-28T16:36:51","modified_gmt":"2025-05-28T19:36:51","slug":"kit-barra-estabilizadora-dianteira-ford-ecosport-1-6-4x2-2003-a-2012","status":"publish","type":"product","link":"https:\/\/jramortecedores.com.br\/produtos\/produto\/kit-barra-estabilizadora-dianteira-ford-ecosport-1-6-4x2-2003-a-2012\/","title":{"rendered":"Kit Barra Estabilizadora Dianteira \u2013 Ford EcoSport 1.6 4&#215;2 (2003 a 2012)"},"content":{"rendered":"<p data-start=\"285\" data-end=\"498\">O <strong data-start=\"287\" data-end=\"328\">Kit da Barra Estabilizadora Dianteira<\/strong> foi desenvolvido para garantir a estabilidade, seguran\u00e7a e conforto na condu\u00e7\u00e3o do <strong data-start=\"412\" data-end=\"429\">Ford EcoSport<\/strong> com tra\u00e7\u00e3o <strong data-start=\"441\" data-end=\"448\">4&#215;2<\/strong> e motor <strong data-start=\"457\" data-end=\"464\">1.6<\/strong>, produzido entre <strong data-start=\"482\" data-end=\"497\">2003 e 2012<\/strong>.<\/p>\n<p data-start=\"500\" data-end=\"740\">Este kit inclui os componentes essenciais para a fixa\u00e7\u00e3o e funcionamento da barra estabilizadora, promovendo o correto alinhamento e reduzindo a inclina\u00e7\u00e3o do ve\u00edculo em curvas, melhorando significativamente a dirigibilidade e a seguran\u00e7a.<\/p>\n<p data-start=\"742\" data-end=\"860\">Produzido com materiais de alta qualidade, garante resist\u00eancia e durabilidade mesmo nas condi\u00e7\u00f5es mais severas de uso.<\/p>\n<p data-start=\"862\" data-end=\"881\">\ud83d\udd27 <strong data-start=\"865\" data-end=\"879\">Aplica\u00e7\u00e3o:<\/strong><\/p>\n<ul data-start=\"882\" data-end=\"941\">\n<li data-start=\"882\" data-end=\"916\">\n<p data-start=\"884\" data-end=\"916\">Ford EcoSport 1.6 \u2013 Tra\u00e7\u00e3o 4&#215;2<\/p>\n<\/li>\n<li data-start=\"917\" data-end=\"941\">\n<p data-start=\"919\" data-end=\"941\">Modelos de 2003 a 2012<\/p>\n<\/li>\n<\/ul>\n<p data-start=\"943\" data-end=\"975\">\ud83d\udccc <strong data-start=\"946\" data-end=\"973\">Informa\u00e7\u00f5es adicionais:<\/strong><\/p>\n<ul data-start=\"976\" data-end=\"1133\">\n<li data-start=\"976\" data-end=\"1006\">\n<p data-start=\"978\" data-end=\"1006\">C\u00f3digo da pe\u00e7a: <strong data-start=\"994\" data-end=\"1004\">SK3373<\/strong><\/p>\n<\/li>\n<li data-start=\"1007\" data-end=\"1045\">\n<p data-start=\"1009\" data-end=\"1045\">Local de instala\u00e7\u00e3o: <strong data-start=\"1030\" data-end=\"1043\">Dianteira<\/strong><\/p>\n<\/li>\n<li data-start=\"1046\" data-end=\"1087\">\n<p data-start=\"1048\" data-end=\"1087\">Fun\u00e7\u00e3o: <strong data-start=\"1056\" data-end=\"1085\">Estabiliza\u00e7\u00e3o e seguran\u00e7a<\/strong><\/p>\n<\/li>\n<li data-start=\"1088\" data-end=\"1133\">\n<p data-start=\"1090\" data-end=\"1133\">Garantia: 3 meses<\/p>\n<\/li>\n<li data-start=\"1088\" data-end=\"1133\">Vendido somente em par<\/li>\n<\/ul>\n<p data-start=\"1165\" data-end=\"1211\">\ud83d\udcf2 Atendimento via WhatsApp: (19) 99660-0072<\/p>\n","protected":false},"excerpt":{"rendered":"<p>Kit da barra estabilizadora dianteira para Ford EcoSport 1.6 4&#215;2, modelos de 2003 a 2012. Ideal para garantir estabilidade, seguran\u00e7a e conforto na dire\u00e7\u00e3o.<\/p>\n","protected":false},"featured_media":2184,"template":"","meta":{"_et_pb_use_builder":"","_et_pb_old_content":"","_et_gb_content_width":""},"product_brand":[],"product_cat":[87],"product_tag":[],"class_list":{"0":"post-2183","1":"product","2":"type-product","3":"status-publish","4":"has-post-thumbnail","6":"product_cat-kits-e-borrachas","8":"first","9":"instock","10":"shipping-taxable","11":"purchasable","12":"product-type-simple"},"_links":{"self":[{"href":"https:\/\/jramortecedores.com.br\/produtos\/wp-json\/wp\/v2\/product\/2183","targetHints":{"allow":["GET"]}}],"collection":[{"href":"https:\/\/jramortecedores.com.br\/produtos\/wp-json\/wp\/v2\/product"}],"about":[{"href":"https:\/\/jramortecedores.com.br\/produtos\/wp-json\/wp\/v2\/types\/product"}],"wp:featuredmedia":[{"embeddable":true,"href":"https:\/\/jramortecedores.com.br\/produtos\/wp-json\/wp\/v2\/media\/2184"}],"wp:attachment":[{"href":"https:\/\/jramortecedores.com.br\/produtos\/wp-json\/wp\/v2\/media?parent=2183"}],"wp:term":[{"taxonomy":"product_brand","embeddable":true,"href":"https:\/\/jramortecedores.com.br\/produtos\/wp-json\/wp\/v2\/product_brand?post=2183"},{"taxonomy":"product_cat","embeddable":true,"href":"https:\/\/jramortecedores.com.br\/produtos\/wp-json\/wp\/v2\/product_cat?post=2183"},{"taxonomy":"product_tag","embeddable":true,"href":"https:\/\/jramortecedores.com.br\/produtos\/wp-json\/wp\/v2\/product_tag?post=2183"}],"curies":[{"name":"wp","href":"https:\/\/api.w.org\/{rel}","templated":true}]}}