{"id":2191,"date":"2025-05-28T19:33:52","date_gmt":"2025-05-28T22:33:52","guid":{"rendered":"https:\/\/jramortecedores.com.br\/produtos\/?post_type=product&#038;p=2191"},"modified":"2025-05-28T19:33:53","modified_gmt":"2025-05-28T22:33:53","slug":"par-de-molas-dianteiras-remanufaturadas-chevrolet-astra-1998-a-2011-e-vectra-2006-a-2012","status":"publish","type":"product","link":"https:\/\/jramortecedores.com.br\/produtos\/produto\/par-de-molas-dianteiras-remanufaturadas-chevrolet-astra-1998-a-2011-e-vectra-2006-a-2012\/","title":{"rendered":"Par de Molas Dianteiras Remanufaturadas \u2013 Chevrolet Astra (1998 a 2011) e Vectra (2006 a 2012)"},"content":{"rendered":"<p data-start=\"433\" data-end=\"577\">Par de <strong data-start=\"440\" data-end=\"476\">molas dianteiras remanufaturadas<\/strong>, compat\u00edveis com <strong data-start=\"494\" data-end=\"513\">Chevrolet Astra<\/strong> de <strong data-start=\"517\" data-end=\"532\">1998 a 2011<\/strong> e <strong data-start=\"535\" data-end=\"555\">Chevrolet Vectra<\/strong> de <strong data-start=\"559\" data-end=\"574\">2006 a 2012<\/strong>.<\/p>\n<p data-start=\"579\" data-end=\"865\">As molas passam por um rigoroso processo de remanufatura, incluindo an\u00e1lise estrutural, ajuste de resist\u00eancia, tratamento t\u00e9rmico e pintura anticorrosiva. Esse processo garante a <strong data-start=\"758\" data-end=\"777\">altura original<\/strong> e a qualidade necess\u00e1ria para o bom desempenho e a seguran\u00e7a do sistema de suspens\u00e3o.<\/p>\n<p data-start=\"867\" data-end=\"1029\">A venda \u00e9 realizada <strong data-start=\"887\" data-end=\"912\">exclusivamente em par<\/strong>, assegurando o equil\u00edbrio correto da suspens\u00e3o dianteira, al\u00e9m de proporcionar conforto e estabilidade ao ve\u00edculo.<\/p>\n<p data-start=\"1031\" data-end=\"1145\">Estamos localizados em <strong data-start=\"1054\" data-end=\"1069\">Campinas-SP<\/strong> e oferecemos atendimento especializado via WhatsApp: <strong data-start=\"1123\" data-end=\"1142\">(19) 99660-0072<\/strong>.<\/p>\n<p data-start=\"1147\" data-end=\"1166\">\ud83d\udd27 <strong data-start=\"1150\" data-end=\"1164\">Aplica\u00e7\u00e3o:<\/strong><\/p>\n<ul data-start=\"1167\" data-end=\"1235\">\n<li data-start=\"1167\" data-end=\"1200\">\n<p data-start=\"1169\" data-end=\"1200\">Chevrolet Astra (1998 a 2011)<\/p>\n<\/li>\n<li data-start=\"1201\" data-end=\"1235\">\n<p data-start=\"1203\" data-end=\"1235\">Chevrolet Vectra (2006 a 2012)<\/p>\n<\/li>\n<\/ul>\n<p data-start=\"1237\" data-end=\"1269\">\ud83d\udccc <strong data-start=\"1240\" data-end=\"1267\">Informa\u00e7\u00f5es adicionais:<\/strong><\/p>\n<ul data-start=\"1270\" data-end=\"1416\">\n<li data-start=\"1270\" data-end=\"1308\">\n<p data-start=\"1272\" data-end=\"1308\">Local de instala\u00e7\u00e3o: <strong data-start=\"1293\" data-end=\"1306\">Dianteira<\/strong><\/p>\n<\/li>\n<li data-start=\"1309\" data-end=\"1337\">\n<p data-start=\"1311\" data-end=\"1337\">Tipo: <strong data-start=\"1317\" data-end=\"1335\">Remanufaturada<\/strong><\/p>\n<\/li>\n<li data-start=\"1338\" data-end=\"1362\">\n<p data-start=\"1340\" data-end=\"1362\">Altura: <strong data-start=\"1348\" data-end=\"1360\">Original<\/strong><\/p>\n<\/li>\n<li data-start=\"1363\" data-end=\"1386\">\n<p data-start=\"1365\" data-end=\"1386\">Garantia: <strong data-start=\"1375\" data-end=\"1384\">1 ano<\/strong><\/p>\n<\/li>\n<li data-start=\"1387\" data-end=\"1416\">\n<p data-start=\"1389\" data-end=\"1416\">Unidade de venda: <strong data-start=\"1407\" data-end=\"1414\">Par<\/strong><\/p>\n<\/li>\n<\/ul>\n<h4 data-start=\"1418\" data-end=\"1447\"><\/h4>\n<p data-start=\"1448\" data-end=\"1485\">\ud83d\udcf2 Atendimento: <strong data-start=\"1464\" data-end=\"1483\">(19) 99660-0072<\/strong><\/p>\n","protected":false},"excerpt":{"rendered":"<p>Par de molas dianteiras remanufaturadas para Chevrolet Astra e Vectra, modelos de 1998 a 2012. Produto com altura original, garantia de qualidade e venda exclusiva em par.<\/p>\n","protected":false},"featured_media":2192,"template":"","meta":{"_et_pb_use_builder":"","_et_pb_old_content":"","_et_gb_content_width":""},"product_brand":[],"product_cat":[15,85],"product_tag":[],"class_list":{"0":"post-2191","1":"product","2":"type-product","3":"status-publish","4":"has-post-thumbnail","6":"product_cat-molas","7":"product_cat-remanufaturadas","9":"first","10":"instock","11":"shipping-taxable","12":"purchasable","13":"product-type-simple"},"_links":{"self":[{"href":"https:\/\/jramortecedores.com.br\/produtos\/wp-json\/wp\/v2\/product\/2191","targetHints":{"allow":["GET"]}}],"collection":[{"href":"https:\/\/jramortecedores.com.br\/produtos\/wp-json\/wp\/v2\/product"}],"about":[{"href":"https:\/\/jramortecedores.com.br\/produtos\/wp-json\/wp\/v2\/types\/product"}],"wp:featuredmedia":[{"embeddable":true,"href":"https:\/\/jramortecedores.com.br\/produtos\/wp-json\/wp\/v2\/media\/2192"}],"wp:attachment":[{"href":"https:\/\/jramortecedores.com.br\/produtos\/wp-json\/wp\/v2\/media?parent=2191"}],"wp:term":[{"taxonomy":"product_brand","embeddable":true,"href":"https:\/\/jramortecedores.com.br\/produtos\/wp-json\/wp\/v2\/product_brand?post=2191"},{"taxonomy":"product_cat","embeddable":true,"href":"https:\/\/jramortecedores.com.br\/produtos\/wp-json\/wp\/v2\/product_cat?post=2191"},{"taxonomy":"product_tag","embeddable":true,"href":"https:\/\/jramortecedores.com.br\/produtos\/wp-json\/wp\/v2\/product_tag?post=2191"}],"curies":[{"name":"wp","href":"https:\/\/api.w.org\/{rel}","templated":true}]}}